{"id":161,"date":"2016-10-25T15:19:54","date_gmt":"2016-10-25T15:19:54","guid":{"rendered":"http:\/\/lawyer2.mythemecloud.io\/?page_id=161"},"modified":"2026-04-24T11:15:43","modified_gmt":"2026-04-24T11:15:43","slug":"home","status":"publish","type":"page","link":"https:\/\/reitverein-beromuenster.ch\/","title":{"rendered":"Home"},"content":{"rendered":"\t\t<div data-elementor-type=\"wp-post\" data-elementor-id=\"161\" class=\"elementor elementor-161\">\n\t\t\t\t\t\t<section class=\"elementor-section elementor-top-section elementor-element elementor-element-1e447b27 elementor-section-height-min-height elementor-section-boxed elementor-section-height-default elementor-section-items-middle\" data-id=\"1e447b27\" data-element_type=\"section\" data-e-type=\"section\" data-settings=\"{&quot;background_background&quot;:&quot;classic&quot;}\">\n\t\t\t\t\t\t\t<div class=\"elementor-background-overlay\"><\/div>\n\t\t\t\t\t\t\t<div class=\"elementor-container elementor-column-gap-default\">\n\t\t\t\t\t<div class=\"elementor-column elementor-col-50 elementor-top-column elementor-element elementor-element-38bbab83\" data-id=\"38bbab83\" data-element_type=\"column\" data-e-type=\"column\" data-settings=\"{&quot;background_background&quot;:&quot;classic&quot;}\">\n\t\t\t<div class=\"elementor-widget-wrap elementor-element-populated\">\n\t\t\t\t\t\t\t\t\t\n\t\t<img class=\"e-image-base e-f05d1ba-d6ffaa3\" \n\t\t\t\t\tdata-interaction-id=\"f05d1ba\" \n\t\t \n\t\t \n\t\t\t\t\t\t\t\t\tid=\"8\"\n\t\t\t\t\t\t\t\t\t\t\t\tsrc=\"https:\/\/reitverein-beromuenster.ch\/wp-content\/uploads\/2026\/04\/logo-rvb.jpg\"\n\t\t\t\t\t\t\t\t\t\t\t\twidth=\"540\"\n\t\t\t\t\t\t\t\t\t\t\t\theight=\"372\"\n\t\t\t\t\t\t\t\t\t\t\t\tsrcset=\"https:\/\/reitverein-beromuenster.ch\/wp-content\/uploads\/2026\/04\/logo-rvb.jpg 540w, https:\/\/reitverein-beromuenster.ch\/wp-content\/uploads\/2026\/04\/logo-rvb-300x207.jpg 300w\"\n\t\t\t\t\t\t\t\t\t\t\t\talt=\"\"\n\t\t\t\t\t\t\/>\n\t\t\t\t\t\t<\/div>\n\t\t<\/div>\n\t\t\t\t<div class=\"elementor-column elementor-col-50 elementor-top-column elementor-element elementor-element-5acfd86c\" data-id=\"5acfd86c\" data-element_type=\"column\" data-e-type=\"column\" data-settings=\"{&quot;background_background&quot;:&quot;classic&quot;}\">\n\t\t\t<div class=\"elementor-widget-wrap elementor-element-populated\">\n\t\t\t\t\t\t<div class=\"elementor-element elementor-element-d54a1d2 elementor-widget elementor-widget-heading\" data-id=\"d54a1d2\" data-element_type=\"widget\" data-e-type=\"widget\" data-widget_type=\"heading.default\">\n\t\t\t\t\t<h1 class=\"elementor-heading-title elementor-size-default\">Herzlich willkommen<\/h1>\t\t\t\t<\/div>\n\t\t\t\t<div class=\"elementor-element elementor-element-4ce819b9 elementor-widget-divider--view-line elementor-widget elementor-widget-divider\" data-id=\"4ce819b9\" data-element_type=\"widget\" data-e-type=\"widget\" data-widget_type=\"divider.default\">\n\t\t\t\t\t\t\t<div class=\"elementor-divider\">\n\t\t\t<span class=\"elementor-divider-separator\">\n\t\t\t\t\t\t<\/span>\n\t\t<\/div>\n\t\t\t\t\t\t<\/div>\n\t\t\t\t<div class=\"elementor-element elementor-element-2c94280b elementor-widget elementor-widget-text-editor\" data-id=\"2c94280b\" data-element_type=\"widget\" data-e-type=\"widget\" data-widget_type=\"text-editor.default\">\n\t\t\t\t\t\t\t\t\t<p>Hier finden Sie diverse Informationen \u00fcber unseren Verein, Veranstaltungen, Kurse, Ausschreibungen und Infrastruktur.<\/p>\t\t\t\t\t\t\t\t<\/div>\n\t\t\t\t\t<\/div>\n\t\t<\/div>\n\t\t\t\t\t<\/div>\n\t\t<\/section>\n\t\t\t\t<section class=\"elementor-section elementor-top-section elementor-element elementor-element-3c48cf9 elementor-section-boxed elementor-section-height-default elementor-section-height-default\" data-id=\"3c48cf9\" data-element_type=\"section\" data-e-type=\"section\" data-settings=\"{&quot;background_background&quot;:&quot;classic&quot;}\">\n\t\t\t\t\t\t<div class=\"elementor-container elementor-column-gap-default\">\n\t\t\t\t\t<div class=\"elementor-column elementor-col-100 elementor-top-column elementor-element elementor-element-80a1bb3\" data-id=\"80a1bb3\" data-element_type=\"column\" data-e-type=\"column\">\n\t\t\t<div class=\"elementor-widget-wrap elementor-element-populated\">\n\t\t\t\t\t\t<div class=\"elementor-element elementor-element-fdef4ab elementor-widget-divider--view-line elementor-widget elementor-widget-divider\" data-id=\"fdef4ab\" data-element_type=\"widget\" data-e-type=\"widget\" data-widget_type=\"divider.default\">\n\t\t\t\t\t\t\t<div class=\"elementor-divider\">\n\t\t\t<span class=\"elementor-divider-separator\">\n\t\t\t\t\t\t<\/span>\n\t\t<\/div>\n\t\t\t\t\t\t<\/div>\n\t\t\t\t<div class=\"elementor-element elementor-element-7acdbd8 elementor-widget elementor-widget-text-editor\" data-id=\"7acdbd8\" data-element_type=\"widget\" data-e-type=\"widget\" data-widget_type=\"text-editor.default\">\n\t\t\t\t\t\t\t\t\t<h1 style=\"font-weight: 400; letter-spacing: 0.6px; margin: 0 0 12px; color: #fff;\">Aktuelle Aktivit\u00e4ten<\/h1>\t\t\t\t\t\t\t\t<\/div>\n\t\t\t\t\t<\/div>\n\t\t<\/div>\n\t\t\t\t\t<\/div>\n\t\t<\/section>\n\t\t\t\t<section class=\"elementor-section elementor-top-section elementor-element elementor-element-685c9b3 elementor-section-boxed elementor-section-height-default elementor-section-height-default\" data-id=\"685c9b3\" data-element_type=\"section\" data-e-type=\"section\" data-settings=\"{&quot;background_background&quot;:&quot;classic&quot;}\">\n\t\t\t\t\t\t<div class=\"elementor-container elementor-column-gap-default\">\n\t\t\t\t\t<div class=\"elementor-column elementor-col-50 elementor-top-column elementor-element elementor-element-9f2848d\" data-id=\"9f2848d\" data-element_type=\"column\" data-e-type=\"column\">\n\t\t\t<div class=\"elementor-widget-wrap elementor-element-populated\">\n\t\t\t\t\t\t<div class=\"elementor-element elementor-element-1e4ca1b elementor-vertical-align-top elementor-widget elementor-widget-image-box\" data-id=\"1e4ca1b\" data-element_type=\"widget\" data-e-type=\"widget\" data-widget_type=\"image-box.default\">\n\t\t\t\t\t<div class=\"elementor-image-box-wrapper\"><figure class=\"elementor-image-box-img\"><img fetchpriority=\"high\" decoding=\"async\" width=\"1028\" height=\"1445\" src=\"https:\/\/reitverein-beromuenster.ch\/wp-content\/uploads\/2026\/04\/flyer_Pferdesporttage.jpeg\" class=\"attachment-full size-full wp-image-1118\" alt=\"\" srcset=\"https:\/\/reitverein-beromuenster.ch\/wp-content\/uploads\/2026\/04\/flyer_Pferdesporttage.jpeg 1028w, https:\/\/reitverein-beromuenster.ch\/wp-content\/uploads\/2026\/04\/flyer_Pferdesporttage-213x300.jpeg 213w, https:\/\/reitverein-beromuenster.ch\/wp-content\/uploads\/2026\/04\/flyer_Pferdesporttage-728x1024.jpeg 728w, https:\/\/reitverein-beromuenster.ch\/wp-content\/uploads\/2026\/04\/flyer_Pferdesporttage-768x1080.jpeg 768w\" sizes=\"(max-width: 1028px) 100vw, 1028px\" \/><\/figure><div class=\"elementor-image-box-content\"><h3 class=\"elementor-image-box-title\">Pferdesporttage<\/h3><p class=\"elementor-image-box-description\">Die Pferdesporttage Berom\u00fcnster finden 03.-05.07.2026 statt. <\/p><\/div><\/div>\t\t\t\t<\/div>\n\t\t\t\t\t<\/div>\n\t\t<\/div>\n\t\t\t\t<div class=\"elementor-column elementor-col-50 elementor-top-column elementor-element elementor-element-0a55de4\" data-id=\"0a55de4\" data-element_type=\"column\" data-e-type=\"column\">\n\t\t\t<div class=\"elementor-widget-wrap elementor-element-populated\">\n\t\t\t\t\t\t<div class=\"elementor-element elementor-element-2be01f8 elementor-vertical-align-top elementor-widget elementor-widget-image-box\" data-id=\"2be01f8\" data-element_type=\"widget\" data-e-type=\"widget\" data-widget_type=\"image-box.default\">\n\t\t\t\t\t<div class=\"elementor-image-box-wrapper\"><figure class=\"elementor-image-box-img\"><img decoding=\"async\" width=\"512\" height=\"512\" src=\"https:\/\/reitverein-beromuenster.ch\/wp-content\/uploads\/2026\/04\/icon-reiten.png\" class=\"attachment-full size-full wp-image-969\" alt=\"\" srcset=\"https:\/\/reitverein-beromuenster.ch\/wp-content\/uploads\/2026\/04\/icon-reiten.png 512w, https:\/\/reitverein-beromuenster.ch\/wp-content\/uploads\/2026\/04\/icon-reiten-300x300.png 300w, https:\/\/reitverein-beromuenster.ch\/wp-content\/uploads\/2026\/04\/icon-reiten-150x150.png 150w\" sizes=\"(max-width: 512px) 100vw, 512px\" \/><\/figure><div class=\"elementor-image-box-content\"><h3 class=\"elementor-image-box-title\">Delfin Horsetraining<\/h3><p class=\"elementor-image-box-description\">Kurs Delfin Horsetraining am 19.07.2026\n<\/p><\/div><\/div>\t\t\t\t<\/div>\n\t\t\t\t\t<\/div>\n\t\t<\/div>\n\t\t\t\t\t<\/div>\n\t\t<\/section>\n\t\t\t\t<section class=\"elementor-section elementor-top-section elementor-element elementor-element-1c7e271 elementor-section-boxed elementor-section-height-default elementor-section-height-default\" data-id=\"1c7e271\" data-element_type=\"section\" data-e-type=\"section\" data-settings=\"{&quot;background_background&quot;:&quot;classic&quot;}\">\n\t\t\t\t\t\t<div class=\"elementor-container elementor-column-gap-default\">\n\t\t\t\t\t<div class=\"elementor-column elementor-col-100 elementor-top-column elementor-element elementor-element-3f88740\" data-id=\"3f88740\" data-element_type=\"column\" data-e-type=\"column\">\n\t\t\t<div class=\"elementor-widget-wrap elementor-element-populated\">\n\t\t\t\t\t\t<div class=\"elementor-element elementor-element-607f0e8 elementor-widget elementor-widget-heading\" data-id=\"607f0e8\" data-element_type=\"widget\" data-e-type=\"widget\" data-widget_type=\"heading.default\">\n\t\t\t\t\t<h2 class=\"elementor-heading-title elementor-size-default\">Reitanlage Online buchen<\/h2>\t\t\t\t<\/div>\n\t\t\t\t<div class=\"elementor-element elementor-element-cab4a98 elementor-align-left elementor-mobile-align-center elementor-widget elementor-widget-button\" data-id=\"cab4a98\" data-element_type=\"widget\" data-e-type=\"widget\" data-widget_type=\"button.default\">\n\t\t\t\t\t\t\t\t\t\t<a class=\"elementor-button elementor-button-link elementor-size-sm\" href=\"https:\/\/www.ikalender.com\/kalender-beromuenster\/mein-kalender.sp.14.html\" target=\"_blank\">\n\t\t\t\t\t\t<span class=\"elementor-button-content-wrapper\">\n\t\t\t\t\t\t<span class=\"elementor-button-icon\">\n\t\t\t\t<svg aria-hidden=\"true\" class=\"e-font-icon-svg e-fas-long-arrow-alt-right\" viewBox=\"0 0 448 512\" xmlns=\"http:\/\/www.w3.org\/2000\/svg\"><path d=\"M313.941 216H12c-6.627 0-12 5.373-12 12v56c0 6.627 5.373 12 12 12h301.941v46.059c0 21.382 25.851 32.09 40.971 16.971l86.059-86.059c9.373-9.373 9.373-24.569 0-33.941l-86.059-86.059c-15.119-15.119-40.971-4.411-40.971 16.971V216z\"><\/path><\/svg>\t\t\t<\/span>\n\t\t\t\t\t\t\t\t\t<span class=\"elementor-button-text\">Jetzt online buchen<\/span>\n\t\t\t\t\t<\/span>\n\t\t\t\t\t<\/a>\n\t\t\t\t\t\t\t\t<\/div>\n\t\t\t\t\t<\/div>\n\t\t<\/div>\n\t\t\t\t\t<\/div>\n\t\t<\/section>\n\t\t\t\t<\/div>\n\t\t","protected":false},"excerpt":{"rendered":"<p>Herzlich willkommen Hier finden Sie diverse Informationen \u00fcber unseren Verein, Veranstaltungen, Kurse, Ausschreibungen und Infrastruktur. Aktuelle Aktivit\u00e4ten Pferdesporttage Die Pferdesporttage Berom\u00fcnster finden 03.-05.07.2026 statt. Delfin Horsetraining Kurs Delfin Horsetraining am 19.07.2026 Reitanlage Online buchen Jetzt online buchen<\/p>\n","protected":false},"author":2,"featured_media":0,"parent":0,"menu_order":0,"comment_status":"closed","ping_status":"closed","template":"","meta":{"ocean_post_layout":"full-screen","ocean_both_sidebars_style":"","ocean_both_sidebars_content_width":0,"ocean_both_sidebars_sidebars_width":0,"ocean_sidebar":"","ocean_second_sidebar":"","ocean_disable_margins":"on","ocean_add_body_class":"","ocean_shortcode_before_top_bar":"","ocean_shortcode_after_top_bar":"","ocean_shortcode_before_header":"","ocean_shortcode_after_header":"","ocean_has_shortcode":"","ocean_shortcode_after_title":"","ocean_shortcode_before_footer_widgets":"","ocean_shortcode_after_footer_widgets":"","ocean_shortcode_before_footer_bottom":"","ocean_shortcode_after_footer_bottom":"","ocean_display_top_bar":"default","ocean_display_header":"default","ocean_header_style":"","ocean_center_header_left_menu":"","ocean_custom_header_template":"","ocean_custom_logo":0,"ocean_custom_retina_logo":0,"ocean_custom_logo_max_width":0,"ocean_custom_logo_tablet_max_width":0,"ocean_custom_logo_mobile_max_width":0,"ocean_custom_logo_max_height":0,"ocean_custom_logo_tablet_max_height":0,"ocean_custom_logo_mobile_max_height":0,"ocean_header_custom_menu":"","ocean_menu_typo_font_family":"","ocean_menu_typo_font_subset":"","ocean_menu_typo_font_size":0,"ocean_menu_typo_font_size_tablet":0,"ocean_menu_typo_font_size_mobile":0,"ocean_menu_typo_font_size_unit":"px","ocean_menu_typo_font_weight":"","ocean_menu_typo_font_weight_tablet":"","ocean_menu_typo_font_weight_mobile":"","ocean_menu_typo_transform":"","ocean_menu_typo_transform_tablet":"","ocean_menu_typo_transform_mobile":"","ocean_menu_typo_line_height":0,"ocean_menu_typo_line_height_tablet":0,"ocean_menu_typo_line_height_mobile":0,"ocean_menu_typo_line_height_unit":"","ocean_menu_typo_spacing":0,"ocean_menu_typo_spacing_tablet":0,"ocean_menu_typo_spacing_mobile":0,"ocean_menu_typo_spacing_unit":"","ocean_menu_link_color":"","ocean_menu_link_color_hover":"","ocean_menu_link_color_active":"","ocean_menu_link_background":"","ocean_menu_link_hover_background":"","ocean_menu_link_active_background":"","ocean_menu_social_links_bg":"","ocean_menu_social_hover_links_bg":"","ocean_menu_social_links_color":"","ocean_menu_social_hover_links_color":"","ocean_disable_title":"on","ocean_disable_heading":"default","ocean_post_title":"","ocean_post_subheading":"","ocean_post_title_style":"","ocean_post_title_background_color":"","ocean_post_title_background":0,"ocean_post_title_bg_image_position":"","ocean_post_title_bg_image_attachment":"","ocean_post_title_bg_image_repeat":"","ocean_post_title_bg_image_size":"","ocean_post_title_height":0,"ocean_post_title_bg_overlay":0.5,"ocean_post_title_bg_overlay_color":"","ocean_disable_breadcrumbs":"default","ocean_breadcrumbs_color":"","ocean_breadcrumbs_separator_color":"","ocean_breadcrumbs_links_color":"","ocean_breadcrumbs_links_hover_color":"","ocean_display_footer_widgets":"default","ocean_display_footer_bottom":"default","ocean_custom_footer_template":"","footnotes":""},"class_list":["post-161","page","type-page","status-publish","hentry","entry"],"yoast_head":"<!-- This site is optimized with the Yoast SEO plugin v27.4 - https:\/\/yoast.com\/product\/yoast-seo-wordpress\/ -->\n<title>Home - Reitverein Berom\u00fcnster<\/title>\n<meta name=\"robots\" content=\"noindex, follow, max-snippet:-1, max-image-preview:large, max-video-preview:-1\" \/>\n<meta property=\"og:locale\" content=\"de_DE\" \/>\n<meta property=\"og:type\" content=\"article\" \/>\n<meta property=\"og:title\" content=\"Home - Reitverein Berom\u00fcnster\" \/>\n<meta property=\"og:description\" content=\"Herzlich willkommen Hier finden Sie diverse Informationen \u00fcber unseren Verein, Veranstaltungen, Kurse, Ausschreibungen und Infrastruktur. Aktuelle Aktivit\u00e4ten Pferdesporttage Die Pferdesporttage Berom\u00fcnster finden 03.-05.07.2026 statt. Delfin Horsetraining Kurs Delfin Horsetraining am 19.07.2026 Reitanlage Online buchen Jetzt online buchen\" \/>\n<meta property=\"og:url\" content=\"https:\/\/reitverein-beromuenster.ch\/\" \/>\n<meta property=\"og:site_name\" content=\"Reitverein Berom\u00fcnster\" \/>\n<meta property=\"article:modified_time\" content=\"2026-04-24T11:15:43+00:00\" \/>\n<meta property=\"og:image\" content=\"https:\/\/reitverein-beromuenster.ch\/wp-content\/uploads\/2026\/04\/logo-rvb.jpg\" \/>\n<meta name=\"twitter:card\" content=\"summary_large_image\" \/>\n<meta name=\"twitter:label1\" content=\"Gesch\u00e4tzte Lesezeit\" \/>\n\t<meta name=\"twitter:data1\" content=\"1\u00a0Minute\" \/>\n<script type=\"application\/ld+json\" class=\"yoast-schema-graph\">{\"@context\":\"https:\\\/\\\/schema.org\",\"@graph\":[{\"@type\":\"WebPage\",\"@id\":\"https:\\\/\\\/reitverein-beromuenster.ch\\\/\",\"url\":\"https:\\\/\\\/reitverein-beromuenster.ch\\\/\",\"name\":\"Home - Reitverein Berom\u00fcnster\",\"isPartOf\":{\"@id\":\"https:\\\/\\\/reitverein-beromuenster.ch\\\/#website\"},\"primaryImageOfPage\":{\"@id\":\"https:\\\/\\\/reitverein-beromuenster.ch\\\/#primaryimage\"},\"image\":{\"@id\":\"https:\\\/\\\/reitverein-beromuenster.ch\\\/#primaryimage\"},\"thumbnailUrl\":\"https:\\\/\\\/reitverein-beromuenster.ch\\\/wp-content\\\/uploads\\\/2026\\\/04\\\/logo-rvb.jpg\",\"datePublished\":\"2016-10-25T15:19:54+00:00\",\"dateModified\":\"2026-04-24T11:15:43+00:00\",\"breadcrumb\":{\"@id\":\"https:\\\/\\\/reitverein-beromuenster.ch\\\/#breadcrumb\"},\"inLanguage\":\"de\",\"potentialAction\":[{\"@type\":\"ReadAction\",\"target\":[\"https:\\\/\\\/reitverein-beromuenster.ch\\\/\"]}]},{\"@type\":\"ImageObject\",\"inLanguage\":\"de\",\"@id\":\"https:\\\/\\\/reitverein-beromuenster.ch\\\/#primaryimage\",\"url\":\"https:\\\/\\\/reitverein-beromuenster.ch\\\/wp-content\\\/uploads\\\/2026\\\/04\\\/logo-rvb.jpg\",\"contentUrl\":\"https:\\\/\\\/reitverein-beromuenster.ch\\\/wp-content\\\/uploads\\\/2026\\\/04\\\/logo-rvb.jpg\",\"width\":540,\"height\":372},{\"@type\":\"BreadcrumbList\",\"@id\":\"https:\\\/\\\/reitverein-beromuenster.ch\\\/#breadcrumb\",\"itemListElement\":[{\"@type\":\"ListItem\",\"position\":1,\"name\":\"Start\",\"item\":\"https:\\\/\\\/reitverein-beromuenster.ch\\\/\"},{\"@type\":\"ListItem\",\"position\":2,\"name\":\"Home\"}]},{\"@type\":\"WebSite\",\"@id\":\"https:\\\/\\\/reitverein-beromuenster.ch\\\/#website\",\"url\":\"https:\\\/\\\/reitverein-beromuenster.ch\\\/\",\"name\":\"Reitverein Berom\u00fcnster\",\"description\":\"Pferdesport gelebt\",\"publisher\":{\"@id\":\"https:\\\/\\\/reitverein-beromuenster.ch\\\/#organization\"},\"potentialAction\":[{\"@type\":\"SearchAction\",\"target\":{\"@type\":\"EntryPoint\",\"urlTemplate\":\"https:\\\/\\\/reitverein-beromuenster.ch\\\/?s={search_term_string}\"},\"query-input\":{\"@type\":\"PropertyValueSpecification\",\"valueRequired\":true,\"valueName\":\"search_term_string\"}}],\"inLanguage\":\"de\"},{\"@type\":\"Organization\",\"@id\":\"https:\\\/\\\/reitverein-beromuenster.ch\\\/#organization\",\"name\":\"Reitverein Berom\u00fcnster\",\"url\":\"https:\\\/\\\/reitverein-beromuenster.ch\\\/\",\"logo\":{\"@type\":\"ImageObject\",\"inLanguage\":\"de\",\"@id\":\"https:\\\/\\\/reitverein-beromuenster.ch\\\/#\\\/schema\\\/logo\\\/image\\\/\",\"url\":\"https:\\\/\\\/reitverein-beromuenster.ch\\\/wp-content\\\/uploads\\\/2026\\\/04\\\/logo-rvb_transparent_klein-modified.png\",\"contentUrl\":\"https:\\\/\\\/reitverein-beromuenster.ch\\\/wp-content\\\/uploads\\\/2026\\\/04\\\/logo-rvb_transparent_klein-modified.png\",\"width\":137,\"height\":100,\"caption\":\"Reitverein Berom\u00fcnster\"},\"image\":{\"@id\":\"https:\\\/\\\/reitverein-beromuenster.ch\\\/#\\\/schema\\\/logo\\\/image\\\/\"}}]}<\/script>\n<!-- \/ Yoast SEO plugin. -->","yoast_head_json":{"title":"Home - Reitverein Berom\u00fcnster","robots":{"index":"noindex","follow":"follow","max-snippet":"max-snippet:-1","max-image-preview":"max-image-preview:large","max-video-preview":"max-video-preview:-1"},"og_locale":"de_DE","og_type":"article","og_title":"Home - Reitverein Berom\u00fcnster","og_description":"Herzlich willkommen Hier finden Sie diverse Informationen \u00fcber unseren Verein, Veranstaltungen, Kurse, Ausschreibungen und Infrastruktur. Aktuelle Aktivit\u00e4ten Pferdesporttage Die Pferdesporttage Berom\u00fcnster finden 03.-05.07.2026 statt. Delfin Horsetraining Kurs Delfin Horsetraining am 19.07.2026 Reitanlage Online buchen Jetzt online buchen","og_url":"https:\/\/reitverein-beromuenster.ch\/","og_site_name":"Reitverein Berom\u00fcnster","article_modified_time":"2026-04-24T11:15:43+00:00","og_image":[{"url":"https:\/\/reitverein-beromuenster.ch\/wp-content\/uploads\/2026\/04\/logo-rvb.jpg","type":"","width":"","height":""}],"twitter_card":"summary_large_image","twitter_misc":{"Gesch\u00e4tzte Lesezeit":"1\u00a0Minute"},"schema":{"@context":"https:\/\/schema.org","@graph":[{"@type":"WebPage","@id":"https:\/\/reitverein-beromuenster.ch\/","url":"https:\/\/reitverein-beromuenster.ch\/","name":"Home - Reitverein Berom\u00fcnster","isPartOf":{"@id":"https:\/\/reitverein-beromuenster.ch\/#website"},"primaryImageOfPage":{"@id":"https:\/\/reitverein-beromuenster.ch\/#primaryimage"},"image":{"@id":"https:\/\/reitverein-beromuenster.ch\/#primaryimage"},"thumbnailUrl":"https:\/\/reitverein-beromuenster.ch\/wp-content\/uploads\/2026\/04\/logo-rvb.jpg","datePublished":"2016-10-25T15:19:54+00:00","dateModified":"2026-04-24T11:15:43+00:00","breadcrumb":{"@id":"https:\/\/reitverein-beromuenster.ch\/#breadcrumb"},"inLanguage":"de","potentialAction":[{"@type":"ReadAction","target":["https:\/\/reitverein-beromuenster.ch\/"]}]},{"@type":"ImageObject","inLanguage":"de","@id":"https:\/\/reitverein-beromuenster.ch\/#primaryimage","url":"https:\/\/reitverein-beromuenster.ch\/wp-content\/uploads\/2026\/04\/logo-rvb.jpg","contentUrl":"https:\/\/reitverein-beromuenster.ch\/wp-content\/uploads\/2026\/04\/logo-rvb.jpg","width":540,"height":372},{"@type":"BreadcrumbList","@id":"https:\/\/reitverein-beromuenster.ch\/#breadcrumb","itemListElement":[{"@type":"ListItem","position":1,"name":"Start","item":"https:\/\/reitverein-beromuenster.ch\/"},{"@type":"ListItem","position":2,"name":"Home"}]},{"@type":"WebSite","@id":"https:\/\/reitverein-beromuenster.ch\/#website","url":"https:\/\/reitverein-beromuenster.ch\/","name":"Reitverein Berom\u00fcnster","description":"Pferdesport gelebt","publisher":{"@id":"https:\/\/reitverein-beromuenster.ch\/#organization"},"potentialAction":[{"@type":"SearchAction","target":{"@type":"EntryPoint","urlTemplate":"https:\/\/reitverein-beromuenster.ch\/?s={search_term_string}"},"query-input":{"@type":"PropertyValueSpecification","valueRequired":true,"valueName":"search_term_string"}}],"inLanguage":"de"},{"@type":"Organization","@id":"https:\/\/reitverein-beromuenster.ch\/#organization","name":"Reitverein Berom\u00fcnster","url":"https:\/\/reitverein-beromuenster.ch\/","logo":{"@type":"ImageObject","inLanguage":"de","@id":"https:\/\/reitverein-beromuenster.ch\/#\/schema\/logo\/image\/","url":"https:\/\/reitverein-beromuenster.ch\/wp-content\/uploads\/2026\/04\/logo-rvb_transparent_klein-modified.png","contentUrl":"https:\/\/reitverein-beromuenster.ch\/wp-content\/uploads\/2026\/04\/logo-rvb_transparent_klein-modified.png","width":137,"height":100,"caption":"Reitverein Berom\u00fcnster"},"image":{"@id":"https:\/\/reitverein-beromuenster.ch\/#\/schema\/logo\/image\/"}}]}},"_links":{"self":[{"href":"https:\/\/reitverein-beromuenster.ch\/index.php\/wp-json\/wp\/v2\/pages\/161","targetHints":{"allow":["GET"]}}],"collection":[{"href":"https:\/\/reitverein-beromuenster.ch\/index.php\/wp-json\/wp\/v2\/pages"}],"about":[{"href":"https:\/\/reitverein-beromuenster.ch\/index.php\/wp-json\/wp\/v2\/types\/page"}],"author":[{"embeddable":true,"href":"https:\/\/reitverein-beromuenster.ch\/index.php\/wp-json\/wp\/v2\/users\/2"}],"replies":[{"embeddable":true,"href":"https:\/\/reitverein-beromuenster.ch\/index.php\/wp-json\/wp\/v2\/comments?post=161"}],"version-history":[{"count":33,"href":"https:\/\/reitverein-beromuenster.ch\/index.php\/wp-json\/wp\/v2\/pages\/161\/revisions"}],"predecessor-version":[{"id":1154,"href":"https:\/\/reitverein-beromuenster.ch\/index.php\/wp-json\/wp\/v2\/pages\/161\/revisions\/1154"}],"wp:attachment":[{"href":"https:\/\/reitverein-beromuenster.ch\/index.php\/wp-json\/wp\/v2\/media?parent=161"}],"curies":[{"name":"wp","href":"https:\/\/api.w.org\/{rel}","templated":true}]}}